lculate the remainder when 95 is divided by 255/9 - 2*(-6)/18.
8
Let n = 22 - -35. Calculate the remainder when n is divided by 12.
9
Let d = 1372 + -1305. What is the remainder when 169 is divided by d?
35
Suppose 0 = 5*f + 112 + 83. What is the remainder when 38 is divided by (13/(-39))/(1/f)?
12
Let b(p) = p - 6. What is the remainder when 41 is divided by b(22)?
9
Let a(u) = u + 9 + u**2 + 14*u - 22. Calculate the remainder when a(-18) is divided by 11.
8
Let g = -12 + 21. Suppose g = 2*x - 7. Let h(w) = w**2 - 8*w + 11. What is the remainder when h(x) is divided by 4?
3
Calculate the remainder when 337 is divided by (-5 - 1) + 15 - (-3 - 1).
12
Let j(d) = -d**3 + 61 - 58 + 2*d**2 - 2*d**2 - 2*d**2 + 6*d. What is the remainder when 39 is divided by j(-4)?
6
Let j = 947 - 913. What is the remainder when j is divided by 1/2 - (-17)/2?
7
Suppose 46*y - 14*y - 896 = 0. Let n = 4 + -1. Suppose 320 - 74 = n*l. What is the remainder when l is divided by y?
26
Suppose 5*c - 2*f - 620 = 0, 4*f + 285 = 5*c - 335. Calculate the remainder when c is divided by 33.
25
What is the remainder when 186 is divided by 142/1491 + (-1004)/(-42)?
18
Suppose h - 5 = 0, 0 = -24*u + 22*u - h + 11. Calculate the remainder when 11 is divided by u.
2
Let o = 2 - -50. Calculate the remainder when 137 is divided by o.
33
Let d be 34/(-2 - (-15)/6). Let g = -65 + d. What is the remainder when 44 is divided by g?
2
Suppose -m - 1 = 2, -5*w + 4*m + 257 = 0. Suppose 6*x = 7*x - w. Suppose 2*a - 41 = -3*j, 5*a - 6 = -4*j + 37. Calculate the remainder when x is divided by j.
15
What is the remainder when (871/39)/((-1)/(-3)) is divided by 17?
16
Let x(m) = 9*m - 12. Suppose 3*h - 24 = f, -f = -2*h - 6*f + 16. Let d be x(h). Calculate the remainder when 77 is divided by 42/9*d/14.
17
Suppose -3*w + 3*l + 189 + 534 = 0, 5*l = 4*w - 962. Let c = w + -123. What is the remainder when c is divided by 31?
27
Suppose 0 = c - 5, 0 = 2*d + 3*d - 5*c + 230. Let t = d - -55. What is the remainder when t is divided by (-4)/18 - 296/(-36)?
6
Suppose -402 = 30*p - 32*p. Suppose -59 = -10*c + p. What is the remainder when 154 is divided by c?
24
Let a be 2 - -4 - (-3 + 2). Suppose -3*u + a + 5 = 0, 2*u - 2 = w. What is the remainder when 20 is divided by w?
2
Let k be (10/(-15))/((-1)/(-36)). What is the remainder when (-3)/k + 1852/32 is divided by 15?
13
Let c(h) = h + 4. Let z be c(-2). Suppose -2*x + z*q + 0*q - 6 = 0, q = -4*x + 13. Suppose -x*i - 21 = -91. What is the remainder when i is divided by 13?
9
Suppose 2*b - 95 + 3 = 0. Let m = 1898 - 1886. What is the remainder when b is divided by m?
10
Suppose 0*s - 114 = -3*s. Suppose -4*i + 18 = -s. What is the remainder when (-1950)/3575 - (-1 + 270/(-11)) is divided by i?
11
Suppose 15*v - 339 + 1014 = 0. Let a = v + 113. Suppose 0 = 5*u - 32 - 38. Calculate the remainder when a is divided by u.
12
What is the remainder when 5/(-1) - (-7 - -6) - -148 is divided by 7?
4
Suppose 3*m = 11 - 56. Let g = 24 - m. Calculate the remainder when g is divided by 8.
7
Let p = -26 + 63. Let m(a) = -a + 11. Let c be m(-10). Suppose -86 = -5*z - c. What is the remainder when p is divided by z?
11
Calculate the remainder when 88 is divided by (12/(-12 - -24))/(2/118).
29
Suppose g + 3*g = 56. Suppose -357 = -10*b + 513. Let r = -60 + b. What is the remainder when r is divided by g?
13
Suppose -2*o = -4*s - 48, 3*s - 24 = -9. Suppose 14*i + 380 = 34*i. What is the remainder when o is divided by i?
15
Suppose -21*c + 13 = -155. Calculate the remainder when 134 is divided by c.
6
Let v(k) = -72*k - 282. What is the remainder when 62 is divided by v(-4)?
2
Let l(o) = 9*o - 1. Let u be l(1). Suppose -u*b + 270 = -3*b. What is the remainder when b is divided by 11?
10
Suppose 2*v - 2*v + v = 0. Suppose -5*u + 18 + 2 = v, u = x - 11. What is the remainder when 23 is divided by x?
8
Suppose 47*u + 84*u - 1703 = 0. Suppose -b = 3*b - 188. Calculate the remainder when b is divided by u.
8
Let c = -433 + 445. What is the remainder when 227 is divided by c?
11
Suppose -47*g = -42*g - 240. Suppose -85 = -0*w - 5*w. Calculate the remainder when g is divided by w.
14
Calculate the remainder when (6 + 1)*1656/84 is divided by 37.
27
Let z = 4 - -16. Suppose 0 = -4*u - u - k + z, 2*u - 8 = k. What is the remainder when u is divided by 2?
0
Calculate the remainder when (155/6 - 1) + 157/942 is divided by 9.
7
Let q = 148 - 144. Calculate the remainder when 30 is divided by q.
2
Let u = -5 + 8. Suppose -p - 3*m + m = -7, -m + 35 = 4*p. Calculate the remainder when p is divided by u.
0
Suppose -274 = -5*o - 59. Let r = o - 34. What is the remainder when 71 is divided by r?
8
Suppose -107*a = -105*a - 18. Calculate the remainder when 40 is divided by a.
4
Let r = -31 + 100. Suppose 0 = 4*x - 2*x + 2*x - 56. What is the remainder when r is divided by x?
13
Let w(q) = q**3 + 25*q**2 + 3*q + 234. What is the remainder when w(-25) is divided by (1 - -1 - -21)*1?
21
Suppose 18*f = 5417 + 17857. What is the remainder when f is divided by 22?
17
Suppose -2*h - 4 = 2*b + 2, -3*h - 5*b = 19. Let m = -2 + h. Suppose 3*i - 48 = -m*i. Calculate the remainder when i is divided by 9.
7
Suppose 0*j = 3*j - 123. Suppose -6*o = -5*o - j. What is the remainder when o is divided by (16/20)/(321/105 + -3)?
13
Suppose -21*p = -8*p - 338. Suppose -2*d + p = -3*u, -u = 2*d + d - 50. Calculate the remainder when d is divided by 9.
7
Suppose 5*q = 64*q - 944. Let x = -71 + 127. What is the remainder when x is divided by q?
8
Let u = 5 + -2. Suppose 5*p + u*w = 3*p + 312, -3*w = p - 156. Let i = p + -103. Calculate the remainder when i is divided by 18.
17
Suppose m + 51 = 4*m. Suppose a - 49 - m = 3*o, 92 = 2*a + 4*o. What is the remainder when a is divided by 19?
16
Suppose 134 = 5*t - 3*y, 2*t = -0*t + 2*y + 52. Calculate the remainder when 528/t + 2/14 is divided by 10.
9
What is the remainder when (-4)/(24/9)*988/(-26) is divided by 13?
5
Let o = 19 - 19. Suppose -15 = 2*i + i, -3*l - 3*i - 18 = o. Calculate the remainder when 27 is divided by (1/1 - 9)/l.
3
Let p = -770 - -846. Calculate the remainder when 78 is divided by p.
2
Suppose 0 = a - 4*s - 10, 3*a + 0 + 2 = -4*s. Suppose x = 16 - a. Calculate the remainder when 25 is divided by x.
11
Let n = -38 + 4. Let x = -21 - n. Calculate the remainder when 28 is divided by x.
2
Let v be (-36)/16*(47 - -1). Let i = 148 + v. Calculate the remainder when i is divided by 21.
19
Suppose -5*y = 25, 2*t + 3 - 252 = 3*y. Let n(h) = -h**3 + 10*h**2 + 3*h + 10. Calculate the remainder when t is divided by n(10).
37
Suppose 0 = -4*r + 4*f - 4, -r + f = r - 3. Suppose -r*u = 5*k - 69, -k + 4*u = 6 - 39. Calculate the remainder when k is divided by 9/(-45) + (-62)/(-10).
5
Let i be (1506/12)/((-1)/(-2)). Suppose -6*d + 139 = -i. Calculate the remainder when d is divided by 17.
14
Let r(d) = 20*d + 42. Calculate the remainder when r(0) is divided by ((-10)/4 - 0)*-6.
12
Let m(p) = 3*p - 5 + 2 - 2. Suppose -4*d + 46 - 10 = 0. Calculate the remainder when 65 is divided by m(d).
21
Suppose -k + 44 = 2*o, 2*k + 104 = 4*o - 0*k. Let x = -13 + 60. Calculate the remainder when x is divided by o.
23
Suppose -4*b = 5*v - 647, 5*v = 2*b - 140 + 769. Calculate the remainder when v is divided by 75.
52
Suppose 50 = 2*b - 18. Let p = -74 - -141. What is the remainder when p is divided by b?
33
Suppose -f + 0*f + 4 = 0. Let m = 12 + -10. Suppose -m*n - 7 = -19. Calculate the remainder when n is divided by f.
2
Let n(y) = -5*y**2 - y + 13. Let q be n(3). Let t = q + 37. Calculate the remainder when 3 is divided by t.
1
Let i be 1/(-4)*-4 - -3. What is the remainder when 12 - (-2 + i) - 2/(-1) is divided by 7?
5
Suppose -228 + 33 = -39*o. What is the remainder when 237 is divided by o?
2
Let x = -183 - -193. What is the remainder when 79 is divided by x?
9
Let l be -7 - (0 - (6 - 3)). Let q(j) = j**2 + 3*j - 1. Let w(x) = 11*x**3 + x - 1. What is the remainder when w(1) is divided by q(l)?
2
Let r be (24/(-21))/(2/(-7)). Suppose -61 = -3*g - r*t, 3*t - 107 = -5*g - t. What is the remainder when g is divided by 6?
5
Let p(q) = q**2 - 4. Suppose 5*n = -5*v + 105, 4*v + 0 - 8 = 0. Let l(t) = 4*t - 67. What is the remainder when l(n) is divided by p(-3)?
4
Let y = 209 + 